is divided by 48?
4
Calculate the remainder when 2735 is divided by 20.
15
What is the remainder when 15507 is divided by 3099?
12
Calculate the remainder when 319 is divided by 89.
52
What is the remainder when 15790 is divided by 81?
76
What is the remainder when 13 is divided by 6?
1
Calculate the remainder when 44 is divided by 18.
8
Calculate the remainder when 95 is divided by 24.
23
What is the remainder when 211 is divided by 76?
59
What is the remainder when 127 is divided by 65?
62
Calculate the remainder when 1263 is divided by 56.
31
Calculate the remainder when 4203 is divided by 111.
96
Calculate the remainder when 62 is divided by 8.
6
What is the remainder when 287 is divided by 41?
0
What is the remainder when 551 is divided by 37?
33
Calculate the remainder when 561 is divided by 23.
9
Calculate the remainder when 2564 is divided by 3.
2
What is the remainder when 221 is divided by 16?
13
What is the remainder when 264 is divided by 53?
52
Calculate the remainder when 929 is divided by 188.
177
Calculate the remainder when 1340 is divided by 9.
8
Calculate the remainder when 110 is divided by 25.
10
What is the remainder when 1561 is divided by 6?
1
Calculate the remainder when 2799 is divided by 50.
49
What is the remainder when 727 is divided by 81?
79
Calculate the remainder when 219 is divided by 22.
21
Calculate the remainder when 167 is divided by 25.
17
What is the remainder when 104 is divided by 15?
14
What is the remainder when 59 is divided by 43?
16
Calculate the remainder when 403 is divided by 133.
4
What is the remainder when 413 is divided by 69?
68
Calculate the remainder when 557 is divided by 51.
47
Calculate the remainder when 196 is divided by 11.
9
Calculate the remainder when 29 is divided by 23.
6
Calculate the remainder when 16 is divided by 3.
1
Calculate the remainder when 331 is divided by 4.
3
Calculate the remainder when 681 is divided by 18.
15
Calculate the remainder when 325 is divided by 142.
41
What is the remainder when 187 is divided by 10?
7
What is the remainder when 10125 is divided by 43?
20
What is the remainder when 917 is divided by 40?
37
What is the remainder when 190 is divided by 98?
92
What is the remainder when 8052 is divided by 38?
34
What is the remainder when 130 is divided by 119?
11
What is the remainder when 29 is divided by 19?
10
Calculate the remainder when 6119 is divided by 102.
101
Calculate the remainder when 91 is divided by 16.
11
Calculate the remainder when 289 is divided by 64.
33
Calculate the remainder when 1438 is divided by 53.
7
Calculate the remainder when 249 is divided by 6.
3
Calculate the remainder when 1258 is divided by 38.
4
Calculate the remainder when 107 is divided by 22.
19
Calculate the remainder when 392 is divided by 33.
29
Calculate the remainder when 185 is divided by 22.
9
Calculate the remainder when 1717 is divided by 43.
40
Calculate the remainder when 409 is divided by 14.
3
Calculate the remainder when 2127 is divided by 45.
12
Calculate the remainder when 73 is divided by 28.
17
Calculate the remainder when 433 is divided by 42.
13
Calculate the remainder when 888 is divided by 23.
14
What is the remainder when 125 is divided by 41?
2
Calculate the remainder when 545 is divided by 4.
1
What is the remainder when 1063 is divided by 82?
79
What is the remainder when 492 is divided by 239?
14
What is the remainder when 673 is divided by 13?
10
What is the remainder when 1143 is divided by 380?
3
What is the remainder when 43 is divided by 4?
3
Calculate the remainder when 236 is divided by 40.
36
What is the remainder when 6497 is divided by 19?
18
Calculate the remainder when 450 is divided by 110.
10
Calculate the remainder when 6587 is divided by 10.
7
What is the remainder when 2920 is divided by 954?
58
Calculate the remainder when 99 is divided by 21.
15
What is the remainder when 214 is divided by 14?
4
Calculate the remainder when 117 is divided by 61.
56
Calculate the remainder when 19 is divided by 16.
3
Calculate the remainder when 1348 is divided by 225.
223
Calculate the remainder when 39839 is divided by 15.
14
What is the remainder when 324 is divided by 68?
52
Calculate the remainder when 272 is divided by 101.
70
What is the remainder when 179 is divided by 56?
11
What is the remainder when 1006 is divided by 41?
22
Calculate the remainder when 74 is divided by 72.
2
What is the remainder when 545 is divided by 42?
41
Calculate the remainder when 439 is divided by 405.
34
Calculate the remainder when 75 is divided by 32.
11
What is the remainder when 6704 is divided by 515?
9
What is the remainder when 161 is divided by 27?
26
What is the remainder when 939 is divided by 46?
19
Calculate the remainder when 437 is divided by 114.
95
What is the remainder when 402 is divided by 5?
2
What is the remainder when 2029 is divided by 170?
159
What is the remainder when 36488 is divided by 82?
80
Calculate the remainder when 546 is divided by 37.
28
What is the remainder when 701 is divided by 27?
26
Calculate the remainder when 319 is divided by 53.
1
Calculate the remainder when 1118 is divided by 16.
14
Calculate the remainder when 9262 is divided by 4628.
6
Calculate the remainder when 500 is divided by 31.
4
What is the remainder when 102 is divided by 21?
18
What is the remainder when 8716 is divided by 1743?
1
What is the remainder when 211 is divided by 32?
19
Calculate the remainder when 917 is divided by 423.
71
Calculate the remainder when 230 is divided by 123.
107
What is the remainder when 251 is divided by 27?
8
Calculate the remainder when 7509 is divided by 13.
8
What is the remainder when 782 is divided by 195?
2
What is the remainder when 94 is divided by 9?
4
Calculate the remainder when 2205 is divided by 1095.
15
Calculate the remainder when 117 is divided by 35.
12
Calculate the remainder when 177 is divided by 16.
1
What is the remainder when 104 is divided by 39?
26
Calculate the remainder when 478 is divided by 236.
6
Calculate the remainder when 436 is divided by 3.
1
What is the remainder when 3259 is divided by 64?
59
What is the remainder when 197 is divided by 106?
91
Calculate the remainder when 2281 is divided by 52.
45
What is the remainder when 1154 is divided by 13?
10
Calculate the remainder when 267 is divided by 21.
15
Calculate the remainder when 223 is divided by 21.
13
What is the remainder when 137 is divided by 28?
25
What is the remainder when 1301 is divided by 209?
47
What is the remainder when 2293 is divided by 80?
53
Calculate the remainder when 6938 is divided by 217.
211
What is the remainder when 4198 is divided by 21?
19
Calculate the remainder when 121 is divided by 46.
29
What is the remainder when 579 is divided by 256?
67
What is the remainder when 11 is divided by 6?
5
What is the remainder when 7305 is divided by 18?
15
What is the remainder when 304 is divided by 14?
10
What is the remainder when 857 is divided by 26?
25
Calculate the remainder when 430 is divided by 31.
27
What is the remainder when 376 is divided by 21?
19
What is the remainder when 1076 is divided by 82?
10
Calculate the remainder when 321 is divided by 27.
24
Calculate the remainder when 530 is divided by 178.
174
Calculate the remainder when 618 is divided by 24.
18
Calculate the remainder when 346 is divided by 58.
56
Calculate the remainder when 28 is divided by 23.
5
Calculate the remainder when 2170 is divided by 198.
190
What is the remainder when 39 is divided by 35?
4
Calculate the remainder when 129 is divided by 67.
62
Calculate the remainder when 3 is divided by 2.
1
What is the remainder when 941 is divided by 105?
101
Calculate the remainder when 509 is divided by 122.
21
Calculate the remainder when 2039 is divided by 34.
33
What is the remainder when 1554 is divided by 12?
6
What is the remainder when 17999 is divided by 144?
143
Calculate the remainder when 155 is divided by 40.
35
Calculate the remainder when 288 is divided by 208.
80
What is the remainder when 18058 is divided by 105?
103
What is the remainder when 12 is divided by 7?
5
Calculate the remainder when 793 is divided by 53.
51
Calculate the remainder when 205 is divided by 116.
89
What is the remainder when 1